{"id":3047,"date":"2023-09-27T12:32:36","date_gmt":"2023-09-27T10:32:36","guid":{"rendered":"https:\/\/adtraininginstitute.com\/individualna-i-grupna-supervizija\/"},"modified":"2026-02-22T11:04:06","modified_gmt":"2026-02-22T10:04:06","slug":"individualna-i-grupna-supervizija","status":"publish","type":"page","link":"https:\/\/adtraininginstitute.com\/hr\/individualna-i-grupna-supervizija\/","title":{"rendered":"Individualna i grupna supervizija"},"content":{"rendered":"<p>[et_pb_section fb_built=&#8221;1&#8243; _builder_version=&#8221;4.22.1&#8243; _module_preset=&#8221;629c98b4-ea43-40c3-b023-41e57fd133cc&#8221; box_shadow_style=&#8221;none&#8221; global_colors_info=&#8221;{}&#8221;][et_pb_row column_structure=&#8221;3_4,1_4&#8243; _builder_version=&#8221;4.22.2&#8243; _module_preset=&#8221;default&#8221; custom_css_main_element=&#8221;margin: auto;&#8221; global_colors_info=&#8221;{}&#8221;][et_pb_column type=&#8221;3_4&#8243; _builder_version=&#8221;4.22.1&#8243; _module_preset=&#8221;default&#8221; global_colors_info=&#8221;{}&#8221;][et_pb_text _builder_version=&#8221;4.22.1&#8243; _module_preset=&#8221;534cc526-6274-4e31-9e1a-7f18a5947bf1&#8243; header_4_font=&#8221;|600||on|||||&#8221; header_4_text_align=&#8221;left&#8221; header_4_text_color=&#8221;#FFCE02&#8243; header_4_font_size=&#8221;14px&#8221; header_4_letter_spacing=&#8221;2px&#8221; header_4_line_height=&#8221;1.5em&#8221; custom_margin=&#8221;||0px||false|false&#8221; header_4_font_size_tablet=&#8221;14px&#8221; header_4_font_size_phone=&#8221;&#8221; header_4_font_size_last_edited=&#8221;on|tablet&#8221; locked=&#8221;off&#8221; global_colors_info=&#8221;{}&#8221;]<\/p>\n<h4>SUPERVIZIJA \u2014<\/h4>\n<p>[\/et_pb_text][et_pb_text _builder_version=&#8221;4.22.2&#8243; _module_preset=&#8221;954ad5f8-b22a-45d8-9a52-f362639192fb&#8221; header_2_text_color=&#8221;#343A40&#8243; custom_margin=&#8221;||10px||false|false&#8221; header_2_font_size_phone=&#8221;30px&#8221; global_colors_info=&#8221;{}&#8221;]<\/p>\n<h2>Individualna i grupna supervizija<\/h2>\n<p>[\/et_pb_text][\/et_pb_column][et_pb_column type=&#8221;1_4&#8243; _builder_version=&#8221;4.22.1&#8243; _module_preset=&#8221;default&#8221; global_colors_info=&#8221;{}&#8221;][et_pb_image src=&#8221;https:\/\/adtraininginstitute.com\/wp-content\/uploads\/2023\/09\/AD_institute_logo_color_en_6.png&#8221; title_text=&#8221;AD_institute_logo_color_en_6&#8243; disabled_on=&#8221;on|on|off&#8221; _builder_version=&#8221;4.22.2&#8243; _module_preset=&#8221;default&#8221; animation_style=&#8221;roll&#8221; global_colors_info=&#8221;{}&#8221;][\/et_pb_image][\/et_pb_column][\/et_pb_row][\/et_pb_section][et_pb_section fb_built=&#8221;1&#8243; admin_label=&#8221;Feature&#8221; _builder_version=&#8221;4.22.1&#8243; _module_preset=&#8221;default&#8221; background_color=&#8221;rgba(48,146,95,0.21)&#8221; background_enable_image=&#8221;off&#8221; parallax=&#8221;on&#8221; custom_margin=&#8221;||||false|false&#8221; custom_padding=&#8221;100px||100px||true|false&#8221; top_divider_style=&#8221;wave2&#8243; top_divider_color=&#8221;#FDFAF4&#8243; top_divider_height=&#8221;50px&#8221; locked=&#8221;off&#8221; collapsed=&#8221;on&#8221; global_colors_info=&#8221;{}&#8221;][et_pb_row use_custom_gutter=&#8221;on&#8221; gutter_width=&#8221;2&#8243; make_equal=&#8221;on&#8221; _builder_version=&#8221;4.22.2&#8243; _module_preset=&#8221;default&#8221; custom_padding=&#8221;0px||0px||true|false&#8221; locked=&#8221;off&#8221; global_colors_info=&#8221;{}&#8221;][et_pb_column type=&#8221;4_4&#8243; _builder_version=&#8221;4.22.1&#8243; _module_preset=&#8221;default&#8221; global_colors_info=&#8221;{}&#8221;][et_pb_text _builder_version=&#8221;4.22.2&#8243; _module_preset=&#8221;default&#8221; text_font_size=&#8221;16px&#8221; custom_padding=&#8221;||20px||false|false&#8221; text_font_size_tablet=&#8221;16px&#8221; text_font_size_phone=&#8221;14px&#8221; text_font_size_last_edited=&#8221;on|phone&#8221; header_font_size_tablet=&#8221;&#8221; header_font_size_phone=&#8221;&#8221; header_font_size_last_edited=&#8221;on|phone&#8221; locked=&#8221;off&#8221; global_colors_info=&#8221;{}&#8221;]<\/p>\n<h1>Uvod<strong><\/strong><\/h1>\n<p data-start=\"63\" data-end=\"214\">U Ama Dablam Institutu nudimo individualnu i grupnu superviziju kako za klini\u010dku praksu, tako i za rad na edukaciji i superviziji.<\/p>\n<p data-start=\"216\" data-end=\"347\">Za obje vrste supervizije, supervizantima se sna\u017eno preporu\u010duje da donesu audio ili video snimke svojih terapijskih sesija s klijentima.<\/p>\n<p data-start=\"349\" data-end=\"415\">Povremeno tako\u0111er organiziramo <a href=\"https:\/\/adtraininginstitute.com\/hr\/pripremna-grupa-za-cta-ispit\/\">grupe za pripremu CTA ispita<\/a>.<\/p>\n<p>[\/et_pb_text][et_pb_accordion closed_toggle_text_color=&#8221;#343A40&#8243; closed_toggle_background_color=&#8221;#FDFAF4&#8243; icon_color=&#8221;#FFCE02&#8243; _builder_version=&#8221;4.22.2&#8243; _module_preset=&#8221;default&#8221; toggle_font_size=&#8221;30px&#8221; background_color=&#8221;RGBA(255,255,255,0)&#8221; toggle_font_size_tablet=&#8221;30px&#8221; toggle_font_size_phone=&#8221;30px&#8221; toggle_font_size_last_edited=&#8221;on|desktop&#8221; border_radii=&#8221;on|10px|10px|10px|10px&#8221; border_width_all=&#8221;0px&#8221; border_color_all=&#8221;#067BBF&#8221; locked=&#8221;off&#8221; global_colors_info=&#8221;{}&#8221;][et_pb_accordion_item title=&#8221;Individualna supervizija&#8221; open=&#8221;off&#8221; _builder_version=&#8221;4.22.2&#8243; _module_preset=&#8221;default&#8221; global_colors_info=&#8221;{}&#8221;]<\/p>\n<p>Individualna supervizija namijenjena je onima koji preferiraju rad jedan-na-jedan s supervizorom kako bi dublje istra\u017eili teme koje su im va\u017ene. Ona pru\u017ea siguran prostor za prilago\u0111enu podr\u0161ku i razmjenu ideja vezanih uz rad s klijentima. <\/p>\n<p>Ovaj oblik rada mo\u017ee biti posebno koristan za osobe koje imaju ograni\u010deno vrijeme za superviziju, kao i za one koje do\u017eivljavaju visoke razine anksioznosti i trebaju podr\u0161ku u privatnom okru\u017eenju prije nego se osje\u0107aju dovoljno sigurno za dijeljenje svojih osobnih i profesionalnih izazova u grupi.<\/p>\n<p>Individualna supervizija mo\u017ee biti dogovorena za odre\u0111eni vremenski period ili kao dio dugoro\u010dnog profesionalnog odnosa koji se mo\u017ee razvijati kroz godine.<\/p>\n<p>Jedna individualna supervizija traje 45 minuta. <\/p>\n<p>&nbsp;<\/p>\n<p>[\/et_pb_accordion_item][et_pb_accordion_item title=&#8221;Grupna supervizija&#8221; _builder_version=&#8221;4.22.2&#8243; _module_preset=&#8221;default&#8221; global_colors_info=&#8221;{}&#8221; open=&#8221;on&#8221;]<\/p>\n<p>Grupna supervizija namijenjena je osobama koje, uz podr\u0161ku supervizora, \u017eele iskoristiti prednosti rada u grupi, razli\u010ditih perspektiva i dijeljenja iskustava s drugima. Nudimo zatvorene grupe za superviziju koje se sastoje od najvi\u0161e tri \u010dlana (\u010detiri uklju\u010duju\u0107i supervizora), s ugovornom obvezom na razdoblje od 6 mjeseci. Tipi\u010dno, svaka grupna supervizija traje tri puna sata, a svaki \u010dlan grupe odgovoran je za tro\u0161ak jednosatne supervizije.  <\/p>\n<p>Uobi\u010dajeni format na\u0161ih grupnih supervizija izgleda ovako:<\/p>\n<p>Uvodno povezivanje<br \/>Supervizija 1<br \/>Kratka pauza<br \/>Supervizija 2<br \/>Kratka pauza<br \/>Supervizija 3<br \/>Zatvaranje<\/p>\n<p><strong>Uz ovu strukturu, svaki supervizant ima otprilike 30 do 40 minuta posve\u0107enih svojim supervizijskim pitanjima.<\/strong><\/p>\n<p>[\/et_pb_accordion_item][\/et_pb_accordion][et_pb_text _builder_version=&#8221;4.22.2&#8243; _module_preset=&#8221;default&#8221; text_font_size=&#8221;16px&#8221; background_enable_color=&#8221;off&#8221; custom_padding=&#8221;||||true|true&#8221; text_font_size_tablet=&#8221;16px&#8221; text_font_size_phone=&#8221;14px&#8221; text_font_size_last_edited=&#8221;on|phone&#8221; border_radii=&#8221;on|5px|5px|5px|5px&#8221; locked=&#8221;off&#8221; global_colors_info=&#8221;{}&#8221;]<\/p>\n<p>Za upite o superviziji, molimo koristite <a href=\"https:\/\/adtraininginstitute.com\/hr\/kontakt\/\">kontaktni obrazac<\/a> bez navo\u0111enja informacija o trajanju i drugih detalja.<strong><\/strong><strong><span style=\"color: #30925f;\"><\/span><\/strong><\/p>\n<p>[\/et_pb_text][\/et_pb_column][\/et_pb_row][\/et_pb_section]<\/p>\n","protected":false},"excerpt":{"rendered":"<p>SUPERVIZIJA \u2014Individualna i grupna supervizijaUvod U Ama Dablam Institutu nudimo individualnu i grupnu superviziju kako za klini\u010dku praksu, tako i za rad na edukaciji i superviziji. Za obje vrste supervizije, supervizantima se sna\u017eno preporu\u010duje da donesu audio ili video snimke svojih terapijskih sesija s klijentima. Povremeno tako\u0111er organiziramo grupe za pripremu CTA ispita.Individualna supervizija namijenjena [&hellip;]<\/p>\n","protected":false},"author":2,"featured_media":2666,"parent":0,"menu_order":0,"comment_status":"closed","ping_status":"closed","template":"","meta":{"_et_pb_use_builder":"on","_et_pb_old_content":"","_et_gb_content_width":"","footnotes":""},"class_list":["post-3047","page","type-page","status-publish","has-post-thumbnail","hentry"],"_links":{"self":[{"href":"https:\/\/adtraininginstitute.com\/hr\/wp-json\/wp\/v2\/pages\/3047","targetHints":{"allow":["GET"]}}],"collection":[{"href":"https:\/\/adtraininginstitute.com\/hr\/wp-json\/wp\/v2\/pages"}],"about":[{"href":"https:\/\/adtraininginstitute.com\/hr\/wp-json\/wp\/v2\/types\/page"}],"author":[{"embeddable":true,"href":"https:\/\/adtraininginstitute.com\/hr\/wp-json\/wp\/v2\/users\/2"}],"replies":[{"embeddable":true,"href":"https:\/\/adtraininginstitute.com\/hr\/wp-json\/wp\/v2\/comments?post=3047"}],"version-history":[{"count":10,"href":"https:\/\/adtraininginstitute.com\/hr\/wp-json\/wp\/v2\/pages\/3047\/revisions"}],"predecessor-version":[{"id":3739,"href":"https:\/\/adtraininginstitute.com\/hr\/wp-json\/wp\/v2\/pages\/3047\/revisions\/3739"}],"wp:featuredmedia":[{"embeddable":true,"href":"https:\/\/adtraininginstitute.com\/hr\/wp-json\/wp\/v2\/media\/2666"}],"wp:attachment":[{"href":"https:\/\/adtraininginstitute.com\/hr\/wp-json\/wp\/v2\/media?parent=3047"}],"curies":[{"name":"wp","href":"https:\/\/api.w.org\/{rel}","templated":true}]}}

<p>[et_pb_section fb_built=&#8221;1&#8243; _builder_version=&#8221;4.22.1&#8243; _module_preset=&#8221;629c98b4-ea43-40c3-b023-41e57fd133cc&#8221; box_shadow_style=&#8221;none&#8221; global_colors_info=&#8221;{}&#8221;][et_pb_row column_structure=&#8221;3_4,1_4&#8243; _builder_version=&#8221;4.22.2&#8243; _module_preset=&#8221;default&#8221; custom_css_main_element=&#8221;margin: auto;&#8221; global_colors_info=&#8221;{}&#8221;][et_pb_column type=&#8221;3_4&#8243; _builder_version=&#8221;4.22.1&#8243; _module_preset=&#8221;default&#8221; global_colors_info=&#8221;{}&#8221;][et_pb_text _builder_version=&#8221;4.22.1&#8243; _module_preset=&#8221;534cc526-6274-4e31-9e1a-7f18a5947bf1&#8243; header_4_font=&#8221;|600||on|||||&#8221; header_4_text_align=&#8221;left&#8221; header_4_text_color=&#8221;#FFCE02&#8243; header_4_font_size=&#8221;14px&#8221; header_4_letter_spacing=&#8221;2px&#8221; header_4_line_height=&#8221;1.5em&#8221; custom_margin=&#8221;||0px||false|false&#8221; header_4_font_size_tablet=&#8221;14px&#8221; header_4_font_size_phone=&#8221;&#8221; header_4_font_size_last_edited=&#8221;on|tablet&#8221; locked=&#8221;off&#8221; global_colors_info=&#8221;{}&#8221;]</p>
<h4>SUPERVIZIJA —</h4>
<p>[/et_pb_text][et_pb_text _builder_version=&#8221;4.22.2&#8243; _module_preset=&#8221;954ad5f8-b22a-45d8-9a52-f362639192fb&#8221; header_2_text_color=&#8221;#343A40&#8243; custom_margin=&#8221;||10px||false|false&#8221; header_2_font_size_phone=&#8221;30px&#8221; global_colors_info=&#8221;{}&#8221;]</p>
<h2>Individualna i grupna supervizija</h2>
<p>[/et_pb_text][/et_pb_column][et_pb_column type=&#8221;1_4&#8243; _builder_version=&#8221;4.22.1&#8243; _module_preset=&#8221;default&#8221; global_colors_info=&#8221;{}&#8221;][et_pb_image src=&#8221;https://adtraininginstitute.com/wp-content/uploads/2023/09/AD_institute_logo_color_en_6.png&#8221; title_text=&#8221;AD_institute_logo_color_en_6&#8243; disabled_on=&#8221;on|on|off&#8221; _builder_version=&#8221;4.22.2&#8243; _module_preset=&#8221;default&#8221; animation_style=&#8221;roll&#8221; global_colors_info=&#8221;{}&#8221;][/et_pb_image][/et_pb_column][/et_pb_row][/et_pb_section][et_pb_section fb_built=&#8221;1&#8243; admin_label=&#8221;Feature&#8221; _builder_version=&#8221;4.22.1&#8243; _module_preset=&#8221;default&#8221; background_color=&#8221;rgba(48,146,95,0.21)&#8221; background_enable_image=&#8221;off&#8221; parallax=&#8221;on&#8221; custom_margin=&#8221;||||false|false&#8221; custom_padding=&#8221;100px||100px||true|false&#8221; top_divider_style=&#8221;wave2&#8243; top_divider_color=&#8221;#FDFAF4&#8243; top_divider_height=&#8221;50px&#8221; locked=&#8221;off&#8221; collapsed=&#8221;on&#8221; global_colors_info=&#8221;{}&#8221;][et_pb_row use_custom_gutter=&#8221;on&#8221; gutter_width=&#8221;2&#8243; make_equal=&#8221;on&#8221; _builder_version=&#8221;4.22.2&#8243; _module_preset=&#8221;default&#8221; custom_padding=&#8221;0px||0px||true|false&#8221; locked=&#8221;off&#8221; global_colors_info=&#8221;{}&#8221;][et_pb_column type=&#8221;4_4&#8243; _builder_version=&#8221;4.22.1&#8243; _module_preset=&#8221;default&#8221; global_colors_info=&#8221;{}&#8221;][et_pb_text _builder_version=&#8221;4.22.2&#8243; _module_preset=&#8221;default&#8221; text_font_size=&#8221;16px&#8221; custom_padding=&#8221;||20px||false|false&#8221; text_font_size_tablet=&#8221;16px&#8221; text_font_size_phone=&#8221;14px&#8221; text_font_size_last_edited=&#8221;on|phone&#8221; header_font_size_tablet=&#8221;&#8221; header_font_size_phone=&#8221;&#8221; header_font_size_last_edited=&#8221;on|phone&#8221; locked=&#8221;off&#8221; global_colors_info=&#8221;{}&#8221;]</p>
<h1>Uvod<strong></strong></h1>
<p data-start="63" data-end="214">U Ama Dablam Institutu nudimo individualnu i grupnu superviziju kako za kliničku praksu, tako i za rad na edukaciji i superviziji.</p>
<p data-start="216" data-end="347">Za obje vrste supervizije, supervizantima se snažno preporučuje da donesu audio ili video snimke svojih terapijskih sesija s klijentima.</p>
<p data-start="349" data-end="415">Povremeno također organiziramo <a href="https://adtraininginstitute.com/hr/pripremna-grupa-za-cta-ispit/">grupe za pripremu CTA ispita</a>.</p>
<p>[/et_pb_text][et_pb_accordion closed_toggle_text_color=&#8221;#343A40&#8243; closed_toggle_background_color=&#8221;#FDFAF4&#8243; icon_color=&#8221;#FFCE02&#8243; _builder_version=&#8221;4.22.2&#8243; _module_preset=&#8221;default&#8221; toggle_font_size=&#8221;30px&#8221; background_color=&#8221;RGBA(255,255,255,0)&#8221; toggle_font_size_tablet=&#8221;30px&#8221; toggle_font_size_phone=&#8221;30px&#8221; toggle_font_size_last_edited=&#8221;on|desktop&#8221; border_radii=&#8221;on|10px|10px|10px|10px&#8221; border_width_all=&#8221;0px&#8221; border_color_all=&#8221;#067BBF&#8221; locked=&#8221;off&#8221; global_colors_info=&#8221;{}&#8221;][et_pb_accordion_item title=&#8221;Individualna supervizija&#8221; open=&#8221;off&#8221; _builder_version=&#8221;4.22.2&#8243; _module_preset=&#8221;default&#8221; global_colors_info=&#8221;{}&#8221;]</p>
<p>Individualna supervizija namijenjena je onima koji preferiraju rad jedan-na-jedan s supervizorom kako bi dublje istražili teme koje su im važne. Ona pruža siguran prostor za prilagođenu podršku i razmjenu ideja vezanih uz rad s klijentima. </p>
<p>Ovaj oblik rada može biti posebno koristan za osobe koje imaju ograničeno vrijeme za superviziju, kao i za one koje doživljavaju visoke razine anksioznosti i trebaju podršku u privatnom okruženju prije nego se osjećaju dovoljno sigurno za dijeljenje svojih osobnih i profesionalnih izazova u grupi.</p>
<p>Individualna supervizija može biti dogovorena za određeni vremenski period ili kao dio dugoročnog profesionalnog odnosa koji se može razvijati kroz godine.</p>
<p>Jedna individualna supervizija traje 45 minuta. </p>
<p>&nbsp;</p>
<p>[/et_pb_accordion_item][et_pb_accordion_item title=&#8221;Grupna supervizija&#8221; _builder_version=&#8221;4.22.2&#8243; _module_preset=&#8221;default&#8221; global_colors_info=&#8221;{}&#8221; open=&#8221;on&#8221;]</p>
<p>Grupna supervizija namijenjena je osobama koje, uz podršku supervizora, žele iskoristiti prednosti rada u grupi, različitih perspektiva i dijeljenja iskustava s drugima. Nudimo zatvorene grupe za superviziju koje se sastoje od najviše tri člana (četiri uključujući supervizora), s ugovornom obvezom na razdoblje od 6 mjeseci. Tipično, svaka grupna supervizija traje tri puna sata, a svaki član grupe odgovoran je za trošak jednosatne supervizije.  </p>
<p>Uobičajeni format naših grupnih supervizija izgleda ovako:</p>
<p>Uvodno povezivanje<br />Supervizija 1<br />Kratka pauza<br />Supervizija 2<br />Kratka pauza<br />Supervizija 3<br />Zatvaranje</p>
<p><strong>Uz ovu strukturu, svaki supervizant ima otprilike 30 do 40 minuta posvećenih svojim supervizijskim pitanjima.</strong></p>
<p>[/et_pb_accordion_item][/et_pb_accordion][et_pb_text _builder_version=&#8221;4.22.2&#8243; _module_preset=&#8221;default&#8221; text_font_size=&#8221;16px&#8221; background_enable_color=&#8221;off&#8221; custom_padding=&#8221;||||true|true&#8221; text_font_size_tablet=&#8221;16px&#8221; text_font_size_phone=&#8221;14px&#8221; text_font_size_last_edited=&#8221;on|phone&#8221; border_radii=&#8221;on|5px|5px|5px|5px&#8221; locked=&#8221;off&#8221; global_colors_info=&#8221;{}&#8221;]</p>
<p>Za upite o superviziji, molimo koristite <a href="https://adtraininginstitute.com/hr/kontakt/">kontaktni obrazac</a> bez navođenja informacija o trajanju i drugih detalja.<strong></strong><strong><span style="color: #30925f;"></span></strong></p>
<p>[/et_pb_text][/et_pb_column][/et_pb_row][/et_pb_section]</p>

<p>SUPERVIZIJA —Individualna i grupna supervizijaUvod U Ama Dablam Institutu nudimo individualnu i grupnu superviziju kako za kliničku praksu, tako i za rad na edukaciji i superviziji. Za obje vrste supervizije, supervizantima se snažno preporučuje da donesu audio ili video snimke svojih terapijskih sesija s klijentima. Povremeno također organiziramo grupe za pripremu CTA ispita.Individualna supervizija namijenjena [&hellip;]</p>
